{"id":8218,"date":"2025-01-24T09:13:15","date_gmt":"2025-01-24T08:13:15","guid":{"rendered":"https:\/\/staging001.wp-ok.it\/?post_type=prodotto&#038;p=8218"},"modified":"2025-03-24T15:43:00","modified_gmt":"2025-03-24T14:43:00","slug":"pro-w-crah","status":"publish","type":"prodotto","link":"https:\/\/riclima.ch\/de\/prodotto\/pro-w-crah\/","title":{"rendered":"Pro-W CRAH"},"content":{"rendered":"<p>L\u00fcftungsger\u00e4te mit einer Leistung von 200 bis 700 kW, ideal zum K\u00fchlen gro\u00dfer Systeme, Rechenzentren und anderer kritischer Installationen. Daikin Pro-W CRAH wurde entwickelt, um den PUE-Index (\u201ePower Usage Effectiveness\u201c) zu optimieren. integriert EC-L\u00fcfter f\u00fcr optimierten Luftstrom und reduzierten Verbrauch. Das Design erm\u00f6glicht eine einfache Installation und das intelligente Steuerungssystem verbessert die Gesamtleistung. Die mit Wasserbatterien und hochwertigen Komponenten ausgestattete Einheit garantiert Zuverl\u00e4ssigkeit und st\u00e4ndige Verf\u00fcgbarkeit und stellt die ideale Wahl f\u00fcr moderne Rechenzentren dar, in denen eine effiziente Energienutzung der Schl\u00fcssel zum System ist.<\/p>\n","protected":false},"featured_media":7967,"template":"","categoria-prodotto":[69,73],"class_list":["post-8218","prodotto","type-prodotto","status-publish","has-post-thumbnail","hentry","categoria-prodotto-luftungsgerate","categoria-prodotto-luftungsgerate-de"],"acf":[],"yoast_head":"<!-- This site is optimized with the Yoast SEO plugin v27.4 - https:\/\/yoast.com\/product\/yoast-seo-wordpress\/ -->\n<title>Pro-W CRAH - Riclima<\/title>\n<meta name=\"robots\" content=\"index, follow, max-snippet:-1, max-image-preview:large, max-video-preview:-1\" \/>\n<link rel=\"canonical\" href=\"https:\/\/riclima.ch\/de\/prodotto\/pro-w-crah\/\" \/>\n<meta property=\"og:locale\" content=\"de_DE\" \/>\n<meta property=\"og:type\" content=\"article\" \/>\n<meta property=\"og:title\" content=\"Pro-W CRAH - Riclima\" \/>\n<meta property=\"og:description\" content=\"L\u00fcftungsger\u00e4te mit einer Leistung von 200 bis 700 kW, ideal zum K\u00fchlen gro\u00dfer Systeme, Rechenzentren und anderer kritischer Installationen. Daikin Pro-W CRAH wurde entwickelt, um den PUE-Index (\u201ePower Usage Effectiveness\u201c) zu optimieren. integriert EC-L\u00fcfter f\u00fcr optimierten Luftstrom und reduzierten Verbrauch. Das Design erm\u00f6glicht eine einfache Installation und das intelligente Steuerungssystem verbessert die Gesamtleistung. Die mit [&hellip;]\" \/>\n<meta property=\"og:url\" content=\"https:\/\/riclima.ch\/de\/prodotto\/pro-w-crah\/\" \/>\n<meta property=\"og:site_name\" content=\"Riclima\" \/>\n<meta property=\"article:modified_time\" content=\"2025-03-24T14:43:00+00:00\" \/>\n<meta property=\"og:image\" content=\"https:\/\/riclima.ch\/wp-content\/uploads\/2025\/03\/DAIKIN-UTA-PRO-W-CRAH-1024x576.png\" \/>\n\t<meta property=\"og:image:width\" content=\"1024\" \/>\n\t<meta property=\"og:image:height\" content=\"576\" \/>\n\t<meta property=\"og:image:type\" content=\"image\/png\" \/>\n<script type=\"application\/ld+json\" class=\"yoast-schema-graph\">{\"@context\":\"https:\\\/\\\/schema.org\",\"@graph\":[{\"@type\":\"WebPage\",\"@id\":\"https:\\\/\\\/riclima.ch\\\/de\\\/prodotto\\\/pro-w-crah\\\/\",\"url\":\"https:\\\/\\\/riclima.ch\\\/de\\\/prodotto\\\/pro-w-crah\\\/\",\"name\":\"Pro-W CRAH - Riclima\",\"isPartOf\":{\"@id\":\"https:\\\/\\\/riclima.ch\\\/de\\\/#website\"},\"primaryImageOfPage\":{\"@id\":\"https:\\\/\\\/riclima.ch\\\/de\\\/prodotto\\\/pro-w-crah\\\/#primaryimage\"},\"image\":{\"@id\":\"https:\\\/\\\/riclima.ch\\\/de\\\/prodotto\\\/pro-w-crah\\\/#primaryimage\"},\"thumbnailUrl\":\"https:\\\/\\\/riclima.ch\\\/wp-content\\\/uploads\\\/2025\\\/03\\\/DAIKIN-UTA-PRO-W-CRAH.png\",\"datePublished\":\"2025-01-24T08:13:15+00:00\",\"dateModified\":\"2025-03-24T14:43:00+00:00\",\"breadcrumb\":{\"@id\":\"https:\\\/\\\/riclima.ch\\\/de\\\/prodotto\\\/pro-w-crah\\\/#breadcrumb\"},\"inLanguage\":\"de\",\"potentialAction\":[{\"@type\":\"ReadAction\",\"target\":[\"https:\\\/\\\/riclima.ch\\\/de\\\/prodotto\\\/pro-w-crah\\\/\"]}]},{\"@type\":\"ImageObject\",\"inLanguage\":\"de\",\"@id\":\"https:\\\/\\\/riclima.ch\\\/de\\\/prodotto\\\/pro-w-crah\\\/#primaryimage\",\"url\":\"https:\\\/\\\/riclima.ch\\\/wp-content\\\/uploads\\\/2025\\\/03\\\/DAIKIN-UTA-PRO-W-CRAH.png\",\"contentUrl\":\"https:\\\/\\\/riclima.ch\\\/wp-content\\\/uploads\\\/2025\\\/03\\\/DAIKIN-UTA-PRO-W-CRAH.png\",\"width\":3840,\"height\":2160,\"caption\":\"DAIKIN UTA PRO-W CRAH\"},{\"@type\":\"BreadcrumbList\",\"@id\":\"https:\\\/\\\/riclima.ch\\\/de\\\/prodotto\\\/pro-w-crah\\\/#breadcrumb\",\"itemListElement\":[{\"@type\":\"ListItem\",\"position\":1,\"name\":\"Home\",\"item\":\"https:\\\/\\\/riclima.ch\\\/de\\\/\"},{\"@type\":\"ListItem\",\"position\":2,\"name\":\"Prodotti\",\"item\":\"https:\\\/\\\/riclima.ch\\\/de\\\/prodotti\\\/\"},{\"@type\":\"ListItem\",\"position\":3,\"name\":\"Pro-W CRAH\"}]},{\"@type\":\"WebSite\",\"@id\":\"https:\\\/\\\/riclima.ch\\\/de\\\/#website\",\"url\":\"https:\\\/\\\/riclima.ch\\\/de\\\/\",\"name\":\"Riclima\",\"description\":\"\",\"potentialAction\":[{\"@type\":\"SearchAction\",\"target\":{\"@type\":\"EntryPoint\",\"urlTemplate\":\"https:\\\/\\\/riclima.ch\\\/de\\\/?s={search_term_string}\"},\"query-input\":{\"@type\":\"PropertyValueSpecification\",\"valueRequired\":true,\"valueName\":\"search_term_string\"}}],\"inLanguage\":\"de\"}]}<\/script>\n<!-- \/ Yoast SEO plugin. -->","yoast_head_json":{"title":"Pro-W CRAH - Riclima","robots":{"index":"index","follow":"follow","max-snippet":"max-snippet:-1","max-image-preview":"max-image-preview:large","max-video-preview":"max-video-preview:-1"},"canonical":"https:\/\/riclima.ch\/de\/prodotto\/pro-w-crah\/","og_locale":"de_DE","og_type":"article","og_title":"Pro-W CRAH - Riclima","og_description":"L\u00fcftungsger\u00e4te mit einer Leistung von 200 bis 700 kW, ideal zum K\u00fchlen gro\u00dfer Systeme, Rechenzentren und anderer kritischer Installationen. Daikin Pro-W CRAH wurde entwickelt, um den PUE-Index (\u201ePower Usage Effectiveness\u201c) zu optimieren. integriert EC-L\u00fcfter f\u00fcr optimierten Luftstrom und reduzierten Verbrauch. Das Design erm\u00f6glicht eine einfache Installation und das intelligente Steuerungssystem verbessert die Gesamtleistung. Die mit [&hellip;]","og_url":"https:\/\/riclima.ch\/de\/prodotto\/pro-w-crah\/","og_site_name":"Riclima","article_modified_time":"2025-03-24T14:43:00+00:00","og_image":[{"width":1024,"height":576,"url":"https:\/\/riclima.ch\/wp-content\/uploads\/2025\/03\/DAIKIN-UTA-PRO-W-CRAH-1024x576.png","type":"image\/png"}],"schema":{"@context":"https:\/\/schema.org","@graph":[{"@type":"WebPage","@id":"https:\/\/riclima.ch\/de\/prodotto\/pro-w-crah\/","url":"https:\/\/riclima.ch\/de\/prodotto\/pro-w-crah\/","name":"Pro-W CRAH - Riclima","isPartOf":{"@id":"https:\/\/riclima.ch\/de\/#website"},"primaryImageOfPage":{"@id":"https:\/\/riclima.ch\/de\/prodotto\/pro-w-crah\/#primaryimage"},"image":{"@id":"https:\/\/riclima.ch\/de\/prodotto\/pro-w-crah\/#primaryimage"},"thumbnailUrl":"https:\/\/riclima.ch\/wp-content\/uploads\/2025\/03\/DAIKIN-UTA-PRO-W-CRAH.png","datePublished":"2025-01-24T08:13:15+00:00","dateModified":"2025-03-24T14:43:00+00:00","breadcrumb":{"@id":"https:\/\/riclima.ch\/de\/prodotto\/pro-w-crah\/#breadcrumb"},"inLanguage":"de","potentialAction":[{"@type":"ReadAction","target":["https:\/\/riclima.ch\/de\/prodotto\/pro-w-crah\/"]}]},{"@type":"ImageObject","inLanguage":"de","@id":"https:\/\/riclima.ch\/de\/prodotto\/pro-w-crah\/#primaryimage","url":"https:\/\/riclima.ch\/wp-content\/uploads\/2025\/03\/DAIKIN-UTA-PRO-W-CRAH.png","contentUrl":"https:\/\/riclima.ch\/wp-content\/uploads\/2025\/03\/DAIKIN-UTA-PRO-W-CRAH.png","width":3840,"height":2160,"caption":"DAIKIN UTA PRO-W CRAH"},{"@type":"BreadcrumbList","@id":"https:\/\/riclima.ch\/de\/prodotto\/pro-w-crah\/#breadcrumb","itemListElement":[{"@type":"ListItem","position":1,"name":"Home","item":"https:\/\/riclima.ch\/de\/"},{"@type":"ListItem","position":2,"name":"Prodotti","item":"https:\/\/riclima.ch\/de\/prodotti\/"},{"@type":"ListItem","position":3,"name":"Pro-W CRAH"}]},{"@type":"WebSite","@id":"https:\/\/riclima.ch\/de\/#website","url":"https:\/\/riclima.ch\/de\/","name":"Riclima","description":"","potentialAction":[{"@type":"SearchAction","target":{"@type":"EntryPoint","urlTemplate":"https:\/\/riclima.ch\/de\/?s={search_term_string}"},"query-input":{"@type":"PropertyValueSpecification","valueRequired":true,"valueName":"search_term_string"}}],"inLanguage":"de"}]}},"_links":{"self":[{"href":"https:\/\/riclima.ch\/de\/wp-json\/wp\/v2\/prodotto\/8218","targetHints":{"allow":["GET"]}}],"collection":[{"href":"https:\/\/riclima.ch\/de\/wp-json\/wp\/v2\/prodotto"}],"about":[{"href":"https:\/\/riclima.ch\/de\/wp-json\/wp\/v2\/types\/prodotto"}],"wp:featuredmedia":[{"embeddable":true,"href":"https:\/\/riclima.ch\/de\/wp-json\/wp\/v2\/media\/7967"}],"wp:attachment":[{"href":"https:\/\/riclima.ch\/de\/wp-json\/wp\/v2\/media?parent=8218"}],"wp:term":[{"taxonomy":"categoria-prodotto","embeddable":true,"href":"https:\/\/riclima.ch\/de\/wp-json\/wp\/v2\/categoria-prodotto?post=8218"}],"curies":[{"name":"wp","href":"https:\/\/api.w.org\/{rel}","templated":true}]}}

<p>Lüftungsgeräte mit einer Leistung von 200 bis 700 kW, ideal zum Kühlen großer Systeme, Rechenzentren und anderer kritischer Installationen. Daikin Pro-W CRAH wurde entwickelt, um den PUE-Index („Power Usage Effectiveness“) zu optimieren. integriert EC-Lüfter für optimierten Luftstrom und reduzierten Verbrauch. Das Design ermöglicht eine einfache Installation und das intelligente Steuerungssystem verbessert die Gesamtleistung. Die mit Wasserbatterien und hochwertigen Komponenten ausgestattete Einheit garantiert Zuverlässigkeit und ständige Verfügbarkeit und stellt die ideale Wahl für moderne Rechenzentren dar, in denen eine effiziente Energienutzung der Schlüssel zum System ist.</p>

<!-- This site is optimized with the Yoast SEO plugin v27.4 - https://yoast.com/product/yoast-seo-wordpress/ -->
<title>Pro-W CRAH - Riclima</title>
<meta name="robots" content="index, follow, max-snippet:-1, max-image-preview:large, max-video-preview:-1" />
<link rel="canonical" href="https://riclima.ch/de/prodotto/pro-w-crah/" />
<meta property="og:locale" content="de_DE" />
<meta property="og:type" content="article" />
<meta property="og:title" content="Pro-W CRAH - Riclima" />
<meta property="og:description" content="Lüftungsgeräte mit einer Leistung von 200 bis 700 kW, ideal zum Kühlen großer Systeme, Rechenzentren und anderer kritischer Installationen. Daikin Pro-W CRAH wurde entwickelt, um den PUE-Index („Power Usage Effectiveness“) zu optimieren. integriert EC-Lüfter für optimierten Luftstrom und reduzierten Verbrauch. Das Design ermöglicht eine einfache Installation und das intelligente Steuerungssystem verbessert die Gesamtleistung. Die mit [&hellip;]" />
<meta property="og:url" content="https://riclima.ch/de/prodotto/pro-w-crah/" />
<meta property="og:site_name" content="Riclima" />
<meta property="article:modified_time" content="2025-03-24T14:43:00+00:00" />
<meta property="og:image" content="https://riclima.ch/wp-content/uploads/2025/03/DAIKIN-UTA-PRO-W-CRAH-1024x576.png" />
	<meta property="og:image:width" content="1024" />
	<meta property="og:image:height" content="576" />
	<meta property="og:image:type" content="image/png" />
<script type="application/ld+json" class="yoast-schema-graph">{"@context":"https:\/\/schema.org","@graph":[{"@type":"WebPage","@id":"https:\/\/riclima.ch\/de\/prodotto\/pro-w-crah\/","url":"https:\/\/riclima.ch\/de\/prodotto\/pro-w-crah\/","name":"Pro-W CRAH - Riclima","isPartOf":{"@id":"https:\/\/riclima.ch\/de\/#website"},"primaryImageOfPage":{"@id":"https:\/\/riclima.ch\/de\/prodotto\/pro-w-crah\/#primaryimage"},"image":{"@id":"https:\/\/riclima.ch\/de\/prodotto\/pro-w-crah\/#primaryimage"},"thumbnailUrl":"https:\/\/riclima.ch\/wp-content\/uploads\/2025\/03\/DAIKIN-UTA-PRO-W-CRAH.png","datePublished":"2025-01-24T08:13:15+00:00","dateModified":"2025-03-24T14:43:00+00:00","breadcrumb":{"@id":"https:\/\/riclima.ch\/de\/prodotto\/pro-w-crah\/#breadcrumb"},"inLanguage":"de","potentialAction":[{"@type":"ReadAction","target":["https:\/\/riclima.ch\/de\/prodotto\/pro-w-crah\/"]}]},{"@type":"ImageObject","inLanguage":"de","@id":"https:\/\/riclima.ch\/de\/prodotto\/pro-w-crah\/#primaryimage","url":"https:\/\/riclima.ch\/wp-content\/uploads\/2025\/03\/DAIKIN-UTA-PRO-W-CRAH.png","contentUrl":"https:\/\/riclima.ch\/wp-content\/uploads\/2025\/03\/DAIKIN-UTA-PRO-W-CRAH.png","width":3840,"height":2160,"caption":"DAIKIN UTA PRO-W CRAH"},{"@type":"BreadcrumbList","@id":"https:\/\/riclima.ch\/de\/prodotto\/pro-w-crah\/#breadcrumb","itemListElement":[{"@type":"ListItem","position":1,"name":"Home","item":"https:\/\/riclima.ch\/de\/"},{"@type":"ListItem","position":2,"name":"Prodotti","item":"https:\/\/riclima.ch\/de\/prodotti\/"},{"@type":"ListItem","position":3,"name":"Pro-W CRAH"}]},{"@type":"WebSite","@id":"https:\/\/riclima.ch\/de\/#website","url":"https:\/\/riclima.ch\/de\/","name":"Riclima","description":"","potentialAction":[{"@type":"SearchAction","target":{"@type":"EntryPoint","urlTemplate":"https:\/\/riclima.ch\/de\/?s={search_term_string}"},"query-input":{"@type":"PropertyValueSpecification","valueRequired":true,"valueName":"search_term_string"}}],"inLanguage":"de"}]}</script>
<!-- / Yoast SEO plugin. -->

Lüftungsgeräte mit einer Leistung von 200 bis 700 kW, ideal zum Kühlen großer Systeme, Rechenzentren und anderer kritischer Installationen. Daikin Pro-W CRAH wurde entwickelt, um den PUE-Index („Power Usage Effectiveness“) zu optimieren. integriert EC-Lüfter für optimierten Luftstrom und reduzierten Verbrauch. Das Design ermöglicht eine einfache Installation und das intelligente Steuerungssystem verbessert die Gesamtleistung. Die mit [&hellip;]
