{"id":8226,"date":"2025-02-12T09:25:56","date_gmt":"2025-02-12T08:25:56","guid":{"rendered":"https:\/\/staging001.wp-ok.it\/?post_type=prodotto&#038;p=8226"},"modified":"2025-04-16T11:28:33","modified_gmt":"2025-04-16T09:28:33","slug":"fm","status":"publish","type":"prodotto","link":"https:\/\/riclima.ch\/de\/prodotto\/fm\/","title":{"rendered":"FM"},"content":{"rendered":"<p>Wandmontierter Gebl\u00e4sekonvektor und K\u00fchlleistung von 2 bis 4 kW. Galletti FM vereint Design, niedrigen Verbrauch und intelligentes Komfortmanagement. Dank EC-Motor, eingebautem 2-Wege-Ein\/Aus-Ventil und PID-Regelung bietet er hohe Leistung, extrem leisen Betrieb und einfache Installation. Die Einheit kann auch in Modbus-\u00dcberwachungssysteme integriert werden und ist mit dem fortschrittlichen WALLPAD-Regler kompatibel. FM ist die ideale L\u00f6sung f\u00fcr alle, die einen effizienten, kompakten und hochmodernen Gebl\u00e4sekonvektor suchen. FM bedeutet Technologie, Ruhe und erweiterte Kontrolle.<\/p>\n","protected":false},"featured_media":7771,"template":"","categoria-prodotto":[75,77],"class_list":["post-8226","prodotto","type-prodotto","status-publish","has-post-thumbnail","hentry","categoria-prodotto-geblasekonvektoren","categoria-prodotto-geblasekonvektoren-de"],"acf":[],"yoast_head":"<!-- This site is optimized with the Yoast SEO plugin v27.4 - https:\/\/yoast.com\/product\/yoast-seo-wordpress\/ -->\n<title>FM - Riclima<\/title>\n<meta name=\"robots\" content=\"index, follow, max-snippet:-1, max-image-preview:large, max-video-preview:-1\" \/>\n<link rel=\"canonical\" href=\"https:\/\/riclima.ch\/de\/prodotto\/fm\/\" \/>\n<meta property=\"og:locale\" content=\"de_DE\" \/>\n<meta property=\"og:type\" content=\"article\" \/>\n<meta property=\"og:title\" content=\"FM - Riclima\" \/>\n<meta property=\"og:description\" content=\"Wandmontierter Gebl\u00e4sekonvektor und K\u00fchlleistung von 2 bis 4 kW. Galletti FM vereint Design, niedrigen Verbrauch und intelligentes Komfortmanagement. Dank EC-Motor, eingebautem 2-Wege-Ein\/Aus-Ventil und PID-Regelung bietet er hohe Leistung, extrem leisen Betrieb und einfache Installation. Die Einheit kann auch in Modbus-\u00dcberwachungssysteme integriert werden und ist mit dem fortschrittlichen WALLPAD-Regler kompatibel. FM ist die ideale L\u00f6sung f\u00fcr [&hellip;]\" \/>\n<meta property=\"og:url\" content=\"https:\/\/riclima.ch\/de\/prodotto\/fm\/\" \/>\n<meta property=\"og:site_name\" content=\"Riclima\" \/>\n<meta property=\"article:modified_time\" content=\"2025-04-16T09:28:33+00:00\" \/>\n<meta property=\"og:image\" content=\"https:\/\/riclima.ch\/wp-content\/uploads\/2025\/02\/FM-GALLETTI.png\" \/>\n\t<meta property=\"og:image:width\" content=\"600\" \/>\n\t<meta property=\"og:image:height\" content=\"600\" \/>\n\t<meta property=\"og:image:type\" content=\"image\/png\" \/>\n<script type=\"application\/ld+json\" class=\"yoast-schema-graph\">{\"@context\":\"https:\\\/\\\/schema.org\",\"@graph\":[{\"@type\":\"WebPage\",\"@id\":\"https:\\\/\\\/riclima.ch\\\/de\\\/prodotto\\\/fm\\\/\",\"url\":\"https:\\\/\\\/riclima.ch\\\/de\\\/prodotto\\\/fm\\\/\",\"name\":\"FM - Riclima\",\"isPartOf\":{\"@id\":\"https:\\\/\\\/riclima.ch\\\/de\\\/#website\"},\"primaryImageOfPage\":{\"@id\":\"https:\\\/\\\/riclima.ch\\\/de\\\/prodotto\\\/fm\\\/#primaryimage\"},\"image\":{\"@id\":\"https:\\\/\\\/riclima.ch\\\/de\\\/prodotto\\\/fm\\\/#primaryimage\"},\"thumbnailUrl\":\"https:\\\/\\\/riclima.ch\\\/wp-content\\\/uploads\\\/2025\\\/02\\\/FM-GALLETTI.png\",\"datePublished\":\"2025-02-12T08:25:56+00:00\",\"dateModified\":\"2025-04-16T09:28:33+00:00\",\"breadcrumb\":{\"@id\":\"https:\\\/\\\/riclima.ch\\\/de\\\/prodotto\\\/fm\\\/#breadcrumb\"},\"inLanguage\":\"de\",\"potentialAction\":[{\"@type\":\"ReadAction\",\"target\":[\"https:\\\/\\\/riclima.ch\\\/de\\\/prodotto\\\/fm\\\/\"]}]},{\"@type\":\"ImageObject\",\"inLanguage\":\"de\",\"@id\":\"https:\\\/\\\/riclima.ch\\\/de\\\/prodotto\\\/fm\\\/#primaryimage\",\"url\":\"https:\\\/\\\/riclima.ch\\\/wp-content\\\/uploads\\\/2025\\\/02\\\/FM-GALLETTI.png\",\"contentUrl\":\"https:\\\/\\\/riclima.ch\\\/wp-content\\\/uploads\\\/2025\\\/02\\\/FM-GALLETTI.png\",\"width\":600,\"height\":600,\"caption\":\"FM GALLETTI\"},{\"@type\":\"BreadcrumbList\",\"@id\":\"https:\\\/\\\/riclima.ch\\\/de\\\/prodotto\\\/fm\\\/#breadcrumb\",\"itemListElement\":[{\"@type\":\"ListItem\",\"position\":1,\"name\":\"Home\",\"item\":\"https:\\\/\\\/riclima.ch\\\/de\\\/\"},{\"@type\":\"ListItem\",\"position\":2,\"name\":\"Prodotti\",\"item\":\"https:\\\/\\\/riclima.ch\\\/de\\\/prodotti\\\/\"},{\"@type\":\"ListItem\",\"position\":3,\"name\":\"FM\"}]},{\"@type\":\"WebSite\",\"@id\":\"https:\\\/\\\/riclima.ch\\\/de\\\/#website\",\"url\":\"https:\\\/\\\/riclima.ch\\\/de\\\/\",\"name\":\"Riclima\",\"description\":\"\",\"potentialAction\":[{\"@type\":\"SearchAction\",\"target\":{\"@type\":\"EntryPoint\",\"urlTemplate\":\"https:\\\/\\\/riclima.ch\\\/de\\\/?s={search_term_string}\"},\"query-input\":{\"@type\":\"PropertyValueSpecification\",\"valueRequired\":true,\"valueName\":\"search_term_string\"}}],\"inLanguage\":\"de\"}]}<\/script>\n<!-- \/ Yoast SEO plugin. -->","yoast_head_json":{"title":"FM - Riclima","robots":{"index":"index","follow":"follow","max-snippet":"max-snippet:-1","max-image-preview":"max-image-preview:large","max-video-preview":"max-video-preview:-1"},"canonical":"https:\/\/riclima.ch\/de\/prodotto\/fm\/","og_locale":"de_DE","og_type":"article","og_title":"FM - Riclima","og_description":"Wandmontierter Gebl\u00e4sekonvektor und K\u00fchlleistung von 2 bis 4 kW. Galletti FM vereint Design, niedrigen Verbrauch und intelligentes Komfortmanagement. Dank EC-Motor, eingebautem 2-Wege-Ein\/Aus-Ventil und PID-Regelung bietet er hohe Leistung, extrem leisen Betrieb und einfache Installation. Die Einheit kann auch in Modbus-\u00dcberwachungssysteme integriert werden und ist mit dem fortschrittlichen WALLPAD-Regler kompatibel. FM ist die ideale L\u00f6sung f\u00fcr [&hellip;]","og_url":"https:\/\/riclima.ch\/de\/prodotto\/fm\/","og_site_name":"Riclima","article_modified_time":"2025-04-16T09:28:33+00:00","og_image":[{"width":600,"height":600,"url":"https:\/\/riclima.ch\/wp-content\/uploads\/2025\/02\/FM-GALLETTI.png","type":"image\/png"}],"schema":{"@context":"https:\/\/schema.org","@graph":[{"@type":"WebPage","@id":"https:\/\/riclima.ch\/de\/prodotto\/fm\/","url":"https:\/\/riclima.ch\/de\/prodotto\/fm\/","name":"FM - Riclima","isPartOf":{"@id":"https:\/\/riclima.ch\/de\/#website"},"primaryImageOfPage":{"@id":"https:\/\/riclima.ch\/de\/prodotto\/fm\/#primaryimage"},"image":{"@id":"https:\/\/riclima.ch\/de\/prodotto\/fm\/#primaryimage"},"thumbnailUrl":"https:\/\/riclima.ch\/wp-content\/uploads\/2025\/02\/FM-GALLETTI.png","datePublished":"2025-02-12T08:25:56+00:00","dateModified":"2025-04-16T09:28:33+00:00","breadcrumb":{"@id":"https:\/\/riclima.ch\/de\/prodotto\/fm\/#breadcrumb"},"inLanguage":"de","potentialAction":[{"@type":"ReadAction","target":["https:\/\/riclima.ch\/de\/prodotto\/fm\/"]}]},{"@type":"ImageObject","inLanguage":"de","@id":"https:\/\/riclima.ch\/de\/prodotto\/fm\/#primaryimage","url":"https:\/\/riclima.ch\/wp-content\/uploads\/2025\/02\/FM-GALLETTI.png","contentUrl":"https:\/\/riclima.ch\/wp-content\/uploads\/2025\/02\/FM-GALLETTI.png","width":600,"height":600,"caption":"FM GALLETTI"},{"@type":"BreadcrumbList","@id":"https:\/\/riclima.ch\/de\/prodotto\/fm\/#breadcrumb","itemListElement":[{"@type":"ListItem","position":1,"name":"Home","item":"https:\/\/riclima.ch\/de\/"},{"@type":"ListItem","position":2,"name":"Prodotti","item":"https:\/\/riclima.ch\/de\/prodotti\/"},{"@type":"ListItem","position":3,"name":"FM"}]},{"@type":"WebSite","@id":"https:\/\/riclima.ch\/de\/#website","url":"https:\/\/riclima.ch\/de\/","name":"Riclima","description":"","potentialAction":[{"@type":"SearchAction","target":{"@type":"EntryPoint","urlTemplate":"https:\/\/riclima.ch\/de\/?s={search_term_string}"},"query-input":{"@type":"PropertyValueSpecification","valueRequired":true,"valueName":"search_term_string"}}],"inLanguage":"de"}]}},"_links":{"self":[{"href":"https:\/\/riclima.ch\/de\/wp-json\/wp\/v2\/prodotto\/8226","targetHints":{"allow":["GET"]}}],"collection":[{"href":"https:\/\/riclima.ch\/de\/wp-json\/wp\/v2\/prodotto"}],"about":[{"href":"https:\/\/riclima.ch\/de\/wp-json\/wp\/v2\/types\/prodotto"}],"wp:featuredmedia":[{"embeddable":true,"href":"https:\/\/riclima.ch\/de\/wp-json\/wp\/v2\/media\/7771"}],"wp:attachment":[{"href":"https:\/\/riclima.ch\/de\/wp-json\/wp\/v2\/media?parent=8226"}],"wp:term":[{"taxonomy":"categoria-prodotto","embeddable":true,"href":"https:\/\/riclima.ch\/de\/wp-json\/wp\/v2\/categoria-prodotto?post=8226"}],"curies":[{"name":"wp","href":"https:\/\/api.w.org\/{rel}","templated":true}]}}

<p>Wandmontierter Gebläsekonvektor und Kühlleistung von 2 bis 4 kW. Galletti FM vereint Design, niedrigen Verbrauch und intelligentes Komfortmanagement. Dank EC-Motor, eingebautem 2-Wege-Ein/Aus-Ventil und PID-Regelung bietet er hohe Leistung, extrem leisen Betrieb und einfache Installation. Die Einheit kann auch in Modbus-Überwachungssysteme integriert werden und ist mit dem fortschrittlichen WALLPAD-Regler kompatibel. FM ist die ideale Lösung für alle, die einen effizienten, kompakten und hochmodernen Gebläsekonvektor suchen. FM bedeutet Technologie, Ruhe und erweiterte Kontrolle.</p>

<!-- This site is optimized with the Yoast SEO plugin v27.4 - https://yoast.com/product/yoast-seo-wordpress/ -->
<title>FM - Riclima</title>
<meta name="robots" content="index, follow, max-snippet:-1, max-image-preview:large, max-video-preview:-1" />
<link rel="canonical" href="https://riclima.ch/de/prodotto/fm/" />
<meta property="og:locale" content="de_DE" />
<meta property="og:type" content="article" />
<meta property="og:title" content="FM - Riclima" />
<meta property="og:description" content="Wandmontierter Gebläsekonvektor und Kühlleistung von 2 bis 4 kW. Galletti FM vereint Design, niedrigen Verbrauch und intelligentes Komfortmanagement. Dank EC-Motor, eingebautem 2-Wege-Ein/Aus-Ventil und PID-Regelung bietet er hohe Leistung, extrem leisen Betrieb und einfache Installation. Die Einheit kann auch in Modbus-Überwachungssysteme integriert werden und ist mit dem fortschrittlichen WALLPAD-Regler kompatibel. FM ist die ideale Lösung für [&hellip;]" />
<meta property="og:url" content="https://riclima.ch/de/prodotto/fm/" />
<meta property="og:site_name" content="Riclima" />
<meta property="article:modified_time" content="2025-04-16T09:28:33+00:00" />
<meta property="og:image" content="https://riclima.ch/wp-content/uploads/2025/02/FM-GALLETTI.png" />
	<meta property="og:image:width" content="600" />
	<meta property="og:image:height" content="600" />
	<meta property="og:image:type" content="image/png" />
<script type="application/ld+json" class="yoast-schema-graph">{"@context":"https:\/\/schema.org","@graph":[{"@type":"WebPage","@id":"https:\/\/riclima.ch\/de\/prodotto\/fm\/","url":"https:\/\/riclima.ch\/de\/prodotto\/fm\/","name":"FM - Riclima","isPartOf":{"@id":"https:\/\/riclima.ch\/de\/#website"},"primaryImageOfPage":{"@id":"https:\/\/riclima.ch\/de\/prodotto\/fm\/#primaryimage"},"image":{"@id":"https:\/\/riclima.ch\/de\/prodotto\/fm\/#primaryimage"},"thumbnailUrl":"https:\/\/riclima.ch\/wp-content\/uploads\/2025\/02\/FM-GALLETTI.png","datePublished":"2025-02-12T08:25:56+00:00","dateModified":"2025-04-16T09:28:33+00:00","breadcrumb":{"@id":"https:\/\/riclima.ch\/de\/prodotto\/fm\/#breadcrumb"},"inLanguage":"de","potentialAction":[{"@type":"ReadAction","target":["https:\/\/riclima.ch\/de\/prodotto\/fm\/"]}]},{"@type":"ImageObject","inLanguage":"de","@id":"https:\/\/riclima.ch\/de\/prodotto\/fm\/#primaryimage","url":"https:\/\/riclima.ch\/wp-content\/uploads\/2025\/02\/FM-GALLETTI.png","contentUrl":"https:\/\/riclima.ch\/wp-content\/uploads\/2025\/02\/FM-GALLETTI.png","width":600,"height":600,"caption":"FM GALLETTI"},{"@type":"BreadcrumbList","@id":"https:\/\/riclima.ch\/de\/prodotto\/fm\/#breadcrumb","itemListElement":[{"@type":"ListItem","position":1,"name":"Home","item":"https:\/\/riclima.ch\/de\/"},{"@type":"ListItem","position":2,"name":"Prodotti","item":"https:\/\/riclima.ch\/de\/prodotti\/"},{"@type":"ListItem","position":3,"name":"FM"}]},{"@type":"WebSite","@id":"https:\/\/riclima.ch\/de\/#website","url":"https:\/\/riclima.ch\/de\/","name":"Riclima","description":"","potentialAction":[{"@type":"SearchAction","target":{"@type":"EntryPoint","urlTemplate":"https:\/\/riclima.ch\/de\/?s={search_term_string}"},"query-input":{"@type":"PropertyValueSpecification","valueRequired":true,"valueName":"search_term_string"}}],"inLanguage":"de"}]}</script>
<!-- / Yoast SEO plugin. -->

Wandmontierter Gebläsekonvektor und Kühlleistung von 2 bis 4 kW. Galletti FM vereint Design, niedrigen Verbrauch und intelligentes Komfortmanagement. Dank EC-Motor, eingebautem 2-Wege-Ein/Aus-Ventil und PID-Regelung bietet er hohe Leistung, extrem leisen Betrieb und einfache Installation. Die Einheit kann auch in Modbus-Überwachungssysteme integriert werden und ist mit dem fortschrittlichen WALLPAD-Regler kompatibel. FM ist die ideale Lösung für [&hellip;]
